{"id":6014,"date":"2025-01-30T16:38:22","date_gmt":"2025-01-30T15:38:22","guid":{"rendered":"https:\/\/origami.maybachufer.art\/events\/piano-rivero-recital-i-exposicion-de-papiroflexia\/"},"modified":"2025-01-31T09:37:08","modified_gmt":"2025-01-31T08:37:08","slug":"piano-rivero-recital-i-exposicion-de-papiroflexia","status":"publish","type":"mec-events","link":"https:\/\/origami.maybachufer.art\/ca\/events\/piano-rivero-recital-i-exposicion-de-papiroflexia\/","title":{"rendered":"Piano Rivero &#8211; Recital i exposici\u00f3 de Papirofl\u00e8xia"},"content":{"rendered":"<div id=\"fb-root\"><\/div>\n\n<p><a href=\"https:\/\/pianorivero.art\/ca\" target=\"_blank\" rel=\"noopener\">Piano Rivero<\/a> \u00e9s el vessant musical de Aleksei, l\u2019artista d\u2019origami darrere de maybachufer.art. Si has vist els seus guacamais d\u2019origami a prop del canal Landwehr o has assistit a una de les seves actuacions habituals als Two-Song Tuesdays dels dimarts a Donau115, saps que li encanta unir la gent a trav\u00e9s de l\u2019art i la m\u00fasica. <\/p>\n\n<p>Aquesta vegada, Piano Rivero et convida a una vetllada emotiva de can\u00e7ons d\u2019Am\u00e8rica Llatina i Espanya. Espera melodies precioses plenes de passi\u00f3 i tradici\u00f3, acompanyades d\u2019una petita exposici\u00f3 d\u2019origami: una combinaci\u00f3 perfecta de m\u00fasica i creativitat per la qual Aleksei \u00e9s conegut. <\/p>\n\n<p>Aquest esdeveniment tamb\u00e9 comptar\u00e0 amb el m\u00fasic convidat <a href=\"https:\/\/www.instagram.com\/salas.sandoval.music\/\" target=\"_blank\" rel=\"noopener\">Salas Sandoval<\/a>, compositor, arranjador i productor d\u2019\u00e0udio amb arrels en la m\u00fasica folkl\u00f2rica llatina, fusionada amb R&amp;B, experimental, jazz, electr\u00f2nica i m\u00fasica cl\u00e0ssica.<\/p>\n\n<p>Ser\u00e0 una experi\u00e8ncia \u00edntima i \u00fanica on l\u2019art es troba amb la m\u00fasica. No t\u2019ho perdis! <\/p>\n","protected":false},"excerpt":{"rendered":"<p>Can\u00e7ons d\u2019Espanya i Am\u00e8rica Llatina. Exposici\u00f3 d\u2019Origami. Diumenge 16 de mar\u00e7 20:30 h. Donaustr. 115, Berl\u00edn-Neuk\u00f6lln.    <\/p>\n","protected":false},"author":1,"featured_media":6003,"comment_status":"closed","ping_status":"closed","template":"","meta":{"_coblocks_attr":"","_coblocks_dimensions":"","_coblocks_responsive_height":"","_coblocks_accordion_ie_support":"","_uag_custom_page_level_css":"","site-sidebar-layout":"default","site-content-layout":"","ast-site-content-layout":"default","site-content-style":"default","site-sidebar-style":"default","ast-global-header-display":"","ast-banner-title-visibility":"","ast-main-header-display":"","ast-hfb-above-header-display":"","ast-hfb-below-header-display":"","ast-hfb-mobile-header-display":"","site-post-title":"","ast-breadcrumbs-content":"","ast-featured-img":"","footer-sml-layout":"","theme-transparent-header-meta":"","adv-header-id-meta":"","stick-header-meta":"","header-above-stick-meta":"","header-main-stick-meta":"","header-below-stick-meta":"","astra-migrate-meta-layouts":"default","ast-page-background-enabled":"default","ast-page-background-meta":{"desktop":{"background-color":"var(--ast-global-color-4)","background-image":"","background-repeat":"repeat","background-position":"center center","background-size":"auto","background-attachment":"scroll","background-type":"","background-media":"","overlay-type":"","overlay-color":"","overlay-opacity":"","overlay-gradient":""},"tablet":{"background-color":"","background-image":"","background-repeat":"repeat","background-position":"center center","background-size":"auto","background-attachment":"scroll","background-type":"","background-media":"","overlay-type":"","overlay-color":"","overlay-opacity":"","overlay-gradient":""},"mobile":{"background-color":"","background-image":"","background-repeat":"repeat","background-position":"center center","background-size":"auto","background-attachment":"scroll","background-type":"","background-media":"","overlay-type":"","overlay-color":"","overlay-opacity":"","overlay-gradient":""}},"ast-content-background-meta":{"desktop":{"background-color":"var(--ast-global-color-5)","background-image":"","background-repeat":"repeat","background-position":"center center","background-size":"auto","background-attachment":"scroll","background-type":"","background-media":"","overlay-type":"","overlay-color":"","overlay-opacity":"","overlay-gradient":""},"tablet":{"background-color":"var(--ast-global-color-5)","background-image":"","background-repeat":"repeat","background-position":"center center","background-size":"auto","background-attachment":"scroll","background-type":"","background-media":"","overlay-type":"","overlay-color":"","overlay-opacity":"","overlay-gradient":""},"mobile":{"background-color":"var(--ast-global-color-5)","background-image":"","background-repeat":"repeat","background-position":"center center","background-size":"auto","background-attachment":"scroll","background-type":"","background-media":"","overlay-type":"","overlay-color":"","overlay-opacity":"","overlay-gradient":""}}},"tags":[276,275],"mec_category":[268],"class_list":["post-6014","mec-events","type-mec-events","status-publish","has-post-thumbnail","hentry","tag-exposicio","tag-exposicio-de-papiroflexia","mec_category-expo-ca"],"uagb_featured_image_src":{"full":["https:\/\/origami.maybachufer.art\/wp-content\/uploads\/2025\/01\/flyer-piano-rivero-donau-03-2025.webp",2480,1748,false],"thumbnail":["https:\/\/origami.maybachufer.art\/wp-content\/uploads\/2025\/01\/flyer-piano-rivero-donau-03-2025-150x150.webp",150,150,true],"medium":["https:\/\/origami.maybachufer.art\/wp-content\/uploads\/2025\/01\/flyer-piano-rivero-donau-03-2025-300x211.webp",300,211,true],"medium_large":["https:\/\/origami.maybachufer.art\/wp-content\/uploads\/2025\/01\/flyer-piano-rivero-donau-03-2025-768x541.webp",768,541,true],"large":["https:\/\/origami.maybachufer.art\/wp-content\/uploads\/2025\/01\/flyer-piano-rivero-donau-03-2025-1024x722.webp",1024,722,true],"thumblist":["https:\/\/origami.maybachufer.art\/wp-content\/uploads\/2025\/01\/flyer-piano-rivero-donau-03-2025-300x300.webp",300,300,true],"thumbrelated":["https:\/\/origami.maybachufer.art\/wp-content\/uploads\/2025\/01\/flyer-piano-rivero-donau-03-2025-500x500.webp",500,500,true],"meccarouselthumb":["https:\/\/origami.maybachufer.art\/wp-content\/uploads\/2025\/01\/flyer-piano-rivero-donau-03-2025-474x324.webp",474,324,true],"gridsquare":["https:\/\/origami.maybachufer.art\/wp-content\/uploads\/2025\/01\/flyer-piano-rivero-donau-03-2025-391x260.webp",391,260,true],"tileview":["https:\/\/origami.maybachufer.art\/wp-content\/uploads\/2025\/01\/flyer-piano-rivero-donau-03-2025-300x400.webp",300,400,true],"1536x1536":["https:\/\/origami.maybachufer.art\/wp-content\/uploads\/2025\/01\/flyer-piano-rivero-donau-03-2025-1536x1083.webp",1536,1083,true],"2048x2048":["https:\/\/origami.maybachufer.art\/wp-content\/uploads\/2025\/01\/flyer-piano-rivero-donau-03-2025-2048x1444.webp",2048,1444,true],"woocommerce_thumbnail":["https:\/\/origami.maybachufer.art\/wp-content\/uploads\/2025\/01\/flyer-piano-rivero-donau-03-2025-250x250.webp",250,250,true],"woocommerce_single":["https:\/\/origami.maybachufer.art\/wp-content\/uploads\/2025\/01\/flyer-piano-rivero-donau-03-2025-400x282.webp",400,282,true],"woocommerce_gallery_thumbnail":["https:\/\/origami.maybachufer.art\/wp-content\/uploads\/2025\/01\/flyer-piano-rivero-donau-03-2025-100x100.webp",100,100,true]},"uagb_author_info":{"display_name":"Rivero Mendoza","author_link":"https:\/\/origami.maybachufer.art\/ca\/author\/aleksei\/"},"uagb_comment_info":0,"uagb_excerpt":"Can\u00e7ons d\u2019Espanya i Am\u00e8rica Llatina. Exposici\u00f3 d\u2019Origami. Diumenge 16 de mar\u00e7 20:30 h. Donaustr. 115, Berl\u00edn-Neuk\u00f6lln.","_links":{"self":[{"href":"https:\/\/origami.maybachufer.art\/ca\/wp-json\/wp\/v2\/mec-events\/6014","targetHints":{"allow":["GET"]}}],"collection":[{"href":"https:\/\/origami.maybachufer.art\/ca\/wp-json\/wp\/v2\/mec-events"}],"about":[{"href":"https:\/\/origami.maybachufer.art\/ca\/wp-json\/wp\/v2\/types\/mec-events"}],"author":[{"embeddable":true,"href":"https:\/\/origami.maybachufer.art\/ca\/wp-json\/wp\/v2\/users\/1"}],"replies":[{"embeddable":true,"href":"https:\/\/origami.maybachufer.art\/ca\/wp-json\/wp\/v2\/comments?post=6014"}],"wp:featuredmedia":[{"embeddable":true,"href":"https:\/\/origami.maybachufer.art\/ca\/wp-json\/wp\/v2\/media\/6003"}],"wp:attachment":[{"href":"https:\/\/origami.maybachufer.art\/ca\/wp-json\/wp\/v2\/media?parent=6014"}],"wp:term":[{"taxonomy":"post_tag","embeddable":true,"href":"https:\/\/origami.maybachufer.art\/ca\/wp-json\/wp\/v2\/tags?post=6014"},{"taxonomy":"mec_category","embeddable":true,"href":"https:\/\/origami.maybachufer.art\/ca\/wp-json\/wp\/v2\/mec_category?post=6014"}],"curies":[{"name":"wp","href":"https:\/\/api.w.org\/{rel}","templated":true}]}}

Piano Rivero &#8211; Recital i exposició de Papiroflèxia

<div id="fb-root"></div>

<p><a href="https://pianorivero.art/ca" target="_blank" rel="noopener">Piano Rivero</a> és el vessant musical de Aleksei, l’artista d’origami darrere de maybachufer.art. Si has vist els seus guacamais d’origami a prop del canal Landwehr o has assistit a una de les seves actuacions habituals als Two-Song Tuesdays dels dimarts a Donau115, saps que li encanta unir la gent a través de l’art i la música. </p>

<p>Aquesta vegada, Piano Rivero et convida a una vetllada emotiva de cançons d’Amèrica Llatina i Espanya. Espera melodies precioses plenes de passió i tradició, acompanyades d’una petita exposició d’origami: una combinació perfecta de música i creativitat per la qual Aleksei és conegut. </p>

<p>Aquest esdeveniment també comptarà amb el músic convidat <a href="https://www.instagram.com/salas.sandoval.music/" target="_blank" rel="noopener">Salas Sandoval</a>, compositor, arranjador i productor d’àudio amb arrels en la música folklòrica llatina, fusionada amb R&amp;B, experimental, jazz, electrònica i música clàssica.</p>

<p>Serà una experiència íntima i única on l’art es troba amb la música. No t’ho perdis! </p>

<p>Cançons d’Espanya i Amèrica Llatina. Exposició d’Origami. Diumenge 16 de març 20:30 h. Donaustr. 115, Berlín-Neukölln.    </p>

Cançons d’Espanya i Amèrica Llatina. Exposició d’Origami. Diumenge 16 de març 20:30 h. Donaustr. 115, Berlín-Neukölln.
